{"id":239,"date":"2019-03-12T18:49:24","date_gmt":"2019-03-12T17:49:24","guid":{"rendered":"https:\/\/1-10-courses.fr\/?page_id=239"},"modified":"2023-06-08T14:44:51","modified_gmt":"2023-06-08T14:44:51","slug":"mentions-legales","status":"publish","type":"page","link":"https:\/\/chutt.fr\/index.php\/mentions-legales\/","title":{"rendered":"Mentions l\u00e9gales"},"content":{"rendered":"<p>[et_pb_section fb_built=\u00a0\u00bb1&Prime; _builder_version=\u00a0\u00bb4.16&Prime; global_colors_info=\u00a0\u00bb{}\u00a0\u00bb][et_pb_row _builder_version=\u00a0\u00bb4.16&Prime; background_size=\u00a0\u00bbinitial\u00a0\u00bb background_position=\u00a0\u00bbtop_left\u00a0\u00bb background_repeat=\u00a0\u00bbrepeat\u00a0\u00bb global_colors_info=\u00a0\u00bb{}\u00a0\u00bb][et_pb_column type=\u00a0\u00bb4_4&Prime; _builder_version=\u00a0\u00bb4.16&Prime; custom_padding=\u00a0\u00bb|||\u00a0\u00bb global_colors_info=\u00a0\u00bb{}\u00a0\u00bb custom_padding__hover=\u00a0\u00bb|||\u00a0\u00bb][et_pb_text _builder_version=\u00a0\u00bb4.16&Prime; global_colors_info=\u00a0\u00bb{}\u00a0\u00bb]<\/p>\n<h1>Mentions l\u00e9gales<\/h1>\n<h3>Editeur<\/h3>\n<p>Le site chutt.fr est \u00e9dit\u00e9 par :<br \/>SAS AVP \u2013 BP 12 \u2013 18300 SANCERRE<\/p>\n<p>SAS au capital de 1000 \u20ac<br \/>RCS 829.734.714 Bourges<br \/>Le responsable de la publication est <strong>P.Chartier<\/strong><\/p>\n<h3>H\u00e9bergement<\/h3>\n<p>H\u00e9bergement : OVH<br \/>RCS Roubaix \u00e0 Tourcoing 424 761 419 00011<br \/>2 rue Kellermann &#8211; 59100 Roubaix &#8211; France.<\/p>\n<h3>Conditions d&rsquo;utilisation<\/h3>\n<p>chutt.fr d\u00e9cline toute responsabilit\u00e9 :<br \/>pour toute interruption du site et de ses services.<br \/>pour toute inexactitude ou omission portant sur des informations disponibles sur ce site.<\/p>\n<p>AVP consent \u00e0 l&rsquo;utilisateur le droit de consultation du site pour son usage strictement personnel et priv\u00e9.<br \/>Toute reproduction, rediffusion ou commercialisation totale ou partielle du contenu est interdite.<br \/>Donn\u00e9es personnelles<br \/>D&rsquo;une fa\u00e7on g\u00e9n\u00e9rale, vous pouvez visiter notre site sur Internet sans avoir \u00e0 d\u00e9cliner votre identit\u00e9 et \u00e0 fournir des informations personnelles vous concernant.<br \/>Seulement lors de l&rsquo;inscription gratuite pour acc\u00e9der \u00e0 la partie membre une adresse est mail valide est requise.<br \/>Les donn\u00e9es recueillies par notre formulaire en ligne repr\u00e9sentent le minimum requis pour \u00e9tablir et maintenir notre service.<br \/>Cookies<br \/>AVP et ses partenaires sont susceptibles d&rsquo;enregistrer des \u00ab\u00a0cookies\u00a0\u00bb sur votre ordinateur, tablette ou t\u00e9l\u00e9phone. Les cookies sont des param\u00e8tres sauvegard\u00e9s par les sites et services que vous utilisez. Pour l&rsquo;\u00e9diteur d&rsquo;un site, ils permettent par exemple d&rsquo;\u00e9tablir des statistiques sur l&rsquo;utilisation de son service en ligne. Pour l&rsquo;utilisateur, ils permettent de faciliter la navigation et l&rsquo;acc\u00e8s \u00e0 certaines fonctionnalit\u00e9s. sans cette technologie, vous devriez renseigner votre identifiant et votre mot de passe \u00e0 chacune de vos actions sur notre site tout comme sur votre r\u00e9seau social,<br \/>La plupart des services internet ne fonctionnent pas correctement sans cookie. Les cookies ne sont ni des logiciels espions, ni des virus, ils sont juste indispensables au bon fonctionnement d&rsquo;un site.<\/p>\n<h3>Quels sont les cookies d\u00e9pos\u00e9s lors d&rsquo;une navigation sur chutt.fr ?<\/h3>\n<p>Personnalisation de l&rsquo;interface utilisateur.<br \/>Ce cookie persistant permet de conserver votre login et votre mail pour aider \u00e0 vous connecter \u00e0 l&rsquo;espace membre.<br \/>Mesure d&rsquo;audience.<br \/>Pour \u00e9tablir des statistiques anonymes sur la fr\u00e9quentation et l&rsquo;utilisation des divers \u00e9l\u00e9ments et composant de note site : Nombre de visiteurs, rubriques et pages visit\u00e9es, parcours sur le site, type de terminaux utilis\u00e9s.<\/p>\n<h3>Publicit\u00e9 :<\/h3>\n<p>chutt.fr se finance uniquement par la publicit\u00e9. Les cookies publicitaires, d\u00e9pos\u00e9s par nos partenaires r\u00e9gies, permettent de vous proposer des publicit\u00e9s en rapport avec vos centres d&rsquo;int\u00e9r\u00eat. Consultez les r\u00e8gles de confidentialit\u00e9 de nos r\u00e9gies publicitaires<\/p>\n<p>[\/et_pb_text][\/et_pb_column][\/et_pb_row][\/et_pb_section]<\/p>\n","protected":false},"excerpt":{"rendered":"<p>Mentions l\u00e9gales Editeur Le site chutt.fr est \u00e9dit\u00e9 par :SAS AVP \u2013 BP 12 \u2013 18300 SANCERRE SAS au capital de 1000 \u20acRCS 829.734.714 BourgesLe responsable de la publication est P.Chartier H\u00e9bergement H\u00e9bergement : OVHRCS Roubaix \u00e0 Tourcoing 424 761 419 000112 rue Kellermann &#8211; 59100 Roubaix &#8211; France. Conditions d&rsquo;utilisation chutt.fr d\u00e9cline toute responsabilit\u00e9 [&hellip;]<\/p>\n","protected":false},"author":38,"featured_media":0,"parent":0,"menu_order":0,"comment_status":"closed","ping_status":"closed","template":"","meta":{"_et_pb_use_builder":"on","_et_pb_old_content":"","_et_gb_content_width":"","footnotes":""},"class_list":["post-239","page","type-page","status-publish","hentry"],"yoast_head":"<!-- This site is optimized with the Yoast SEO plugin v19.6.1 - https:\/\/yoast.com\/wordpress\/plugins\/seo\/ -->\n<title>Mentions l\u00e9gales -<\/title>\n<meta name=\"robots\" content=\"index, follow, max-snippet:-1, max-image-preview:large, max-video-preview:-1\" \/>\n<link rel=\"canonical\" href=\"https:\/\/chutt.fr\/index.php\/mentions-legales\/\" \/>\n<meta property=\"og:locale\" content=\"fr_FR\" \/>\n<meta property=\"og:type\" content=\"article\" \/>\n<meta property=\"og:title\" content=\"Mentions l\u00e9gales -\" \/>\n<meta property=\"og:description\" content=\"Mentions l\u00e9gales Editeur Le site chutt.fr est \u00e9dit\u00e9 par :SAS AVP \u2013 BP 12 \u2013 18300 SANCERRE SAS au capital de 1000 \u20acRCS 829.734.714 BourgesLe responsable de la publication est P.Chartier H\u00e9bergement H\u00e9bergement : OVHRCS Roubaix \u00e0 Tourcoing 424 761 419 000112 rue Kellermann - 59100 Roubaix - France. Conditions d&#039;utilisation chutt.fr d\u00e9cline toute responsabilit\u00e9 [&hellip;]\" \/>\n<meta property=\"og:url\" content=\"https:\/\/chutt.fr\/index.php\/mentions-legales\/\" \/>\n<meta property=\"article:modified_time\" content=\"2023-06-08T14:44:51+00:00\" \/>\n<meta name=\"twitter:card\" content=\"summary_large_image\" \/>\n<meta name=\"twitter:label1\" content=\"Dur\u00e9e de lecture estim\u00e9e\" \/>\n\t<meta name=\"twitter:data1\" content=\"3 minutes\" \/>\n<script type=\"application\/ld+json\" class=\"yoast-schema-graph\">{\"@context\":\"https:\/\/schema.org\",\"@graph\":[{\"@type\":\"WebPage\",\"@id\":\"https:\/\/chutt.fr\/index.php\/mentions-legales\/\",\"url\":\"https:\/\/chutt.fr\/index.php\/mentions-legales\/\",\"name\":\"Mentions l\u00e9gales -\",\"isPartOf\":{\"@id\":\"https:\/\/chutt.fr\/#website\"},\"datePublished\":\"2019-03-12T17:49:24+00:00\",\"dateModified\":\"2023-06-08T14:44:51+00:00\",\"breadcrumb\":{\"@id\":\"https:\/\/chutt.fr\/index.php\/mentions-legales\/#breadcrumb\"},\"inLanguage\":\"fr-FR\",\"potentialAction\":[{\"@type\":\"ReadAction\",\"target\":[\"https:\/\/chutt.fr\/index.php\/mentions-legales\/\"]}]},{\"@type\":\"BreadcrumbList\",\"@id\":\"https:\/\/chutt.fr\/index.php\/mentions-legales\/#breadcrumb\",\"itemListElement\":[{\"@type\":\"ListItem\",\"position\":1,\"name\":\"Accueil\",\"item\":\"https:\/\/chutt.fr\/\"},{\"@type\":\"ListItem\",\"position\":2,\"name\":\"Mentions l\u00e9gales\"}]},{\"@type\":\"WebSite\",\"@id\":\"https:\/\/chutt.fr\/#website\",\"url\":\"https:\/\/chutt.fr\/\",\"name\":\"\",\"description\":\"\",\"potentialAction\":[{\"@type\":\"SearchAction\",\"target\":{\"@type\":\"EntryPoint\",\"urlTemplate\":\"https:\/\/chutt.fr\/?s={search_term_string}\"},\"query-input\":\"required name=search_term_string\"}],\"inLanguage\":\"fr-FR\"}]}<\/script>\n<!-- \/ Yoast SEO plugin. -->","yoast_head_json":{"title":"Mentions l\u00e9gales -","robots":{"index":"index","follow":"follow","max-snippet":"max-snippet:-1","max-image-preview":"max-image-preview:large","max-video-preview":"max-video-preview:-1"},"canonical":"https:\/\/chutt.fr\/index.php\/mentions-legales\/","og_locale":"fr_FR","og_type":"article","og_title":"Mentions l\u00e9gales -","og_description":"Mentions l\u00e9gales Editeur Le site chutt.fr est \u00e9dit\u00e9 par :SAS AVP \u2013 BP 12 \u2013 18300 SANCERRE SAS au capital de 1000 \u20acRCS 829.734.714 BourgesLe responsable de la publication est P.Chartier H\u00e9bergement H\u00e9bergement : OVHRCS Roubaix \u00e0 Tourcoing 424 761 419 000112 rue Kellermann - 59100 Roubaix - France. Conditions d'utilisation chutt.fr d\u00e9cline toute responsabilit\u00e9 [&hellip;]","og_url":"https:\/\/chutt.fr\/index.php\/mentions-legales\/","article_modified_time":"2023-06-08T14:44:51+00:00","twitter_card":"summary_large_image","twitter_misc":{"Dur\u00e9e de lecture estim\u00e9e":"3 minutes"},"schema":{"@context":"https:\/\/schema.org","@graph":[{"@type":"WebPage","@id":"https:\/\/chutt.fr\/index.php\/mentions-legales\/","url":"https:\/\/chutt.fr\/index.php\/mentions-legales\/","name":"Mentions l\u00e9gales -","isPartOf":{"@id":"https:\/\/chutt.fr\/#website"},"datePublished":"2019-03-12T17:49:24+00:00","dateModified":"2023-06-08T14:44:51+00:00","breadcrumb":{"@id":"https:\/\/chutt.fr\/index.php\/mentions-legales\/#breadcrumb"},"inLanguage":"fr-FR","potentialAction":[{"@type":"ReadAction","target":["https:\/\/chutt.fr\/index.php\/mentions-legales\/"]}]},{"@type":"BreadcrumbList","@id":"https:\/\/chutt.fr\/index.php\/mentions-legales\/#breadcrumb","itemListElement":[{"@type":"ListItem","position":1,"name":"Accueil","item":"https:\/\/chutt.fr\/"},{"@type":"ListItem","position":2,"name":"Mentions l\u00e9gales"}]},{"@type":"WebSite","@id":"https:\/\/chutt.fr\/#website","url":"https:\/\/chutt.fr\/","name":"","description":"","potentialAction":[{"@type":"SearchAction","target":{"@type":"EntryPoint","urlTemplate":"https:\/\/chutt.fr\/?s={search_term_string}"},"query-input":"required name=search_term_string"}],"inLanguage":"fr-FR"}]}},"post_mailing_queue_ids":[],"_links":{"self":[{"href":"https:\/\/chutt.fr\/index.php\/wp-json\/wp\/v2\/pages\/239","targetHints":{"allow":["GET"]}}],"collection":[{"href":"https:\/\/chutt.fr\/index.php\/wp-json\/wp\/v2\/pages"}],"about":[{"href":"https:\/\/chutt.fr\/index.php\/wp-json\/wp\/v2\/types\/page"}],"author":[{"embeddable":true,"href":"https:\/\/chutt.fr\/index.php\/wp-json\/wp\/v2\/users\/38"}],"replies":[{"embeddable":true,"href":"https:\/\/chutt.fr\/index.php\/wp-json\/wp\/v2\/comments?post=239"}],"version-history":[{"count":2,"href":"https:\/\/chutt.fr\/index.php\/wp-json\/wp\/v2\/pages\/239\/revisions"}],"predecessor-version":[{"id":44450,"href":"https:\/\/chutt.fr\/index.php\/wp-json\/wp\/v2\/pages\/239\/revisions\/44450"}],"wp:attachment":[{"href":"https:\/\/chutt.fr\/index.php\/wp-json\/wp\/v2\/media?parent=239"}],"curies":[{"name":"wp","href":"https:\/\/api.w.org\/{rel}","templated":true}]}}